5, 1863053
What are the prime factors of 1313085551?
27779, 47269
What are the prime factors of 217840042?
2, 7, 401, 38803
List the prime factors of 1987745012.
2, 11, 67, 674269
List the prime factors of 29893639.
29893639
What are the prime factors of 123143687?
31, 3972377
What are the prime factors of 31304187?
3, 3478243
What are the prime factors of 8303572?
2, 2075893
What are the prime factors of 25028914?
2, 29, 431533
List the prime factors of 39914807.
5399, 7393
What are the prime factors of 47389490?
2, 5, 4738949
What are the prime factors of 6056221?
6056221
What are the prime factors of 265006204?
2, 61, 1086091
List the prime factors of 379285227.
3, 347, 40483
List the prime factors of 54931705.
5, 23, 631, 757
What are the prime factors of 37305488?
2, 11, 127, 1669
List the prime factors of 35512399.
13, 941, 2903
What are the prime factors of 91826207?
11, 127, 65731
What are the prime factors of 200961020?
2, 5, 13, 359, 2153
List the prime factors of 227713432.
2, 23, 773, 1601
List the prime factors of 489637694.
2, 7, 13, 384331
What are the prime factors of 440543703?
3, 1129, 130069
List the prime factors of 83420327.
29, 211, 13633
What are the prime factors of 613591311?
3, 6793, 30109
List the prime factors of 3269431438.
2, 7, 13, 107, 167887
List the prime factors of 177011732.
2, 53, 834961
List the prime factors of 290765899.
79, 139, 26479
What are the prime factors of 7741949?
19, 407471
What are the prime factors of 272890127?
1181, 231067
List the prime factors of 190951841.
877, 217733
List the prime factors of 1148302056.
2, 3, 11, 1151, 3779
What are the prime factors of 158965351?
17, 23, 406561
What are the prime factors of 43521076?
2, 10880269
What are the prime factors of 5038603797?
3, 37, 233, 194819
List the prime factors of 55995329.
13, 89, 48397
What are the prime factors of 539338116?
2, 3, 59, 761777
What are the prime factors of 446381533?
13, 34337041
What are the prime factors of 83117649?
3, 197, 140639
List the prime factors of 3846067384.
2, 480758423
List the prime factors of 610816456.
2, 76352057
List the prime factors of 911710861.
25799, 35339
List the prime factors of 1170131309.
683, 1713223
List the prime factors of 2190081183.
3, 23, 31740307
List the prime factors of 851581408.
2, 17, 31, 50497
What are the prime factors of 81024710?
2, 5, 13, 47, 89, 149
List the prime factors of 1489031756.
2, 17291, 21529
What are the prime factors of 5861766023?
41, 142969903
What are the prime factors of 2943888139?
19, 154941481
What are the prime factors of 19930037?
89, 151, 1483
What are the prime factors of 47390574?
2, 3, 7, 11, 67, 1531
What are the prime factors of 138989351?
19, 7315229
List the prime factors of 240603933.
3, 37, 211, 10273
List the prime factors of 35635697.
19, 109, 17207
What are the prime factors of 1166798589?
3, 11, 37, 547, 1747
What are the prime factors of 3706246?
2, 727, 2549
List the prime factors of 337932319.
1237, 273187
What are the prime factors of 714302241?
3, 238100747
List the prime factors of 650724996.
2, 3, 19, 797, 3581
List the prime factors of 894151537.
894151537
What are the prime factors of 277640019?
3, 163, 189257
List the prime factors of 3095395481.
3095395481
What are the prime factors of 22729972?
2, 43, 132151
What are the prime factors of 4481250107?
4481250107
List the prime factors of 1239888474.
2, 3, 11, 223, 28081
List the prime factors of 89387095.
5, 7, 2553917
List the prime factors of 1150853805.
3, 5, 41, 207923
List the prime factors of 475889.
475889
What are the prime factors of 256072432?
2, 7, 11, 23, 1291
What are the prime factors of 686262873?
3, 29, 1019, 7741
List the prime factors of 34895326.
2, 857, 20359
What are the prime factors of 305731977?
3, 263, 387493
What are the prime factors of 244647224?
2, 853, 35851
List the prime factors of 20540097.
3, 17, 53, 149
List the prime factors of 38985573.
3, 11, 17, 69493
What are the prime factors of 15573137?
15573137
What are the prime factors of 172700652?
2, 3, 19, 23, 32933
List the prime factors of 2144600292.
2, 3, 178716691
What are the prime factors of 225355588?
2, 56338897
What are the prime factors of 59870503?
7, 11, 277, 401
What are the prime factors of 3931188849?
3, 7, 163, 127607
List the prime factors of 405101112.
2, 3, 13, 99877
List the prime factors of 43000236.
2, 3, 461, 2591
List the prime factors of 70371968.
2, 137, 4013
List the prime factors of 796545327.
3, 265515109
List the prime factors of 1181530788.
2, 3, 109, 903311
List the prime factors of 4562430344.
2, 521, 1094633
What are the prime factors of 4370256?
2, 3, 11, 31, 89
What are the prime factors of 13795038?
2, 3, 521, 1471
What are the prime factors of 93795252?
2, 3, 7816271
What are the prime factors of 5610207211?
7, 3593, 223061
What are the prime factors of 55236045?
3, 5, 47, 1667
List the prime factors of 123564468.
2, 3, 2557, 4027
List the prime factors of 2619437862.
2, 3, 436572977
What are the prime factors of 3230547?
3, 43, 79, 317
What are the prime factors of 67907775?
3, 5, 13, 17, 241
What are the prime factors of 7155977?
7155977
What are the prime factors of 59098472?
2, 37, 199657
What are the prime factors of 484398770?
2, 5, 79, 613163
What are the prime factors of 85501554?
2, 3, 47, 6451
List the prime factors of 4481934169.
23, 194866703
What are the prime factors of 4351144989?
3, 19, 251, 304127
List the prime factors of 1437569808.
2, 3, 43, 696497
What are the prime factors of 113671398?
2, 3, 18945233
What are the prime factors of 117943033?
13, 9072541
List the prime factors of 3269385034.
2, 1634692517
What are the prime factors of 93530076?
2, 3, 7794173
What are the prime factors of 7833895930?
2, 5, 7, 111912799
List the prime factors of 1935029975.
5, 77401199
What are the prime factors of 65537080?
2, 5, 7, 19, 97, 127
List the prime factors of 53544645.
3, 5, 7, 11, 17, 101
What are the prime factors of 12450125?
5, 103, 967
List the prime factors of 376235609.
139, 2706731
What are the prime factors of 148853843?
71, 2096533
List the prime factors of 306176634.
2, 3, 17009813
List the prime factors of 323162437.
13, 109, 228061
What are the prime factors of 8032047832?
2, 1004005979
What are the prime factors of 92855809?
92855809
List the prime factors of 164426401.
164426401
What are the prime factors of 75456468?
2, 3, 23, 37, 821
What are the prime factors of 1246850472?
2, 3, 7, 509, 2083
What are the prime factors of 914473085?
5, 182894617
What are the prime factors of 7394496?
2, 3, 19, 2027
What are the prime factors of 1015661913?
3, 7, 48364853
What are the prime factors of 882281810?
2, 5, 17, 5189893
What are the prime factors of 136901870?
2, 5, 7, 41, 47701
What are the prime factors of 12325533?
3, 11, 373501
List the prime factors of 77690893.
7, 1451, 7649
List the prime factors of 82475492.
2, 11, 1874443
What are the prime factors of 83489236?
2, 61, 67, 5107
List the prime factors of 59652362.
2, 7, 11, 19, 29, 37
List the prime factors of 465127325.
5, 13, 1431161
What are the prime factors of 206179706?
2, 17, 733, 8273
List the prime factors of 22999245.
3, 5, 1533283
List the prime factors of 998783236.
2, 11, 22699619
List the prime factors of 55381798.
2, 67, 173, 2389
What are the prime factors of 398641776?
2, 3, 13, 109, 5861
What are the prime factors of 3014753326?
2, 13, 59, 1965289
List the prime factors of 178538597.
9281, 19237
List the prime factors of 1319446244.
2, 23, 571, 25117
List the prime factors of 85035434.
2, 11, 3865247
What are the prime factors of 20808843?
3, 11, 31, 20341
What are the prime factors of 21167219?
37, 572087
What are the prime factors of 710188923?
3, 17, 53, 262741
List the prime factors of 2595329791.
157, 16530763
What are the prime factors of 620436832?
2, 97, 137, 1459
What are the prime factors of 440013472?
2, 37, 371633
List the prime factors of 4454189643.
3, 829, 1790989
What are the prime factors of 1830088909?
11, 23, 1447, 4999
What are the prime factors of 31556073?
3, 10518691
What are the prime factors of 2504155231?
31, 59, 1369139
List the prime factors of 39062361.
3, 13, 43, 23293
List the prime factors of 234256913.
11, 21296083
Lis